22056 and 128?
8
Calculate the greatest common divisor of 93081290 and 370.
10
Calculate the highest common divisor of 18 and 2902275.
9
What is the highest common factor of 22661700 and 1500?
300
What is the greatest common factor of 7051672 and 4920?
328
Calculate the greatest common factor of 3960466 and 58.
2
Calculate the greatest common divisor of 18380928 and 47550.
1902
What is the greatest common divisor of 125910 and 7290?
90
What is the highest common divisor of 980 and 7878020?
20
Calculate the greatest common factor of 42021773 and 68.
17
Calculate the highest common factor of 1333 and 64958423.
1333
What is the highest common factor of 76 and 2769972?
76
Calculate the greatest common factor of 136 and 11526584.
8
Calculate the highest common divisor of 666 and 10430226.
666
What is the greatest common divisor of 1662 and 135673215?
831
What is the highest common divisor of 7128286 and 11882?
914
What is the highest common divisor of 20034 and 2466?
18
Calculate the greatest common divisor of 1660832 and 27778.
1462
What is the highest common factor of 89231075 and 1894?
947
Calculate the highest common factor of 30047626 and 43946.
602
What is the highest common divisor of 861 and 27909069?
123
Calculate the greatest common divisor of 528 and 2027580.
12
Calculate the highest common factor of 370300224 and 1008.
336
Calculate the highest common divisor of 32591 and 24169067.
299
Calculate the greatest common factor of 250 and 572735500.
250
What is the highest common divisor of 8645 and 601445?
1235
Calculate the greatest common factor of 6010775 and 51.
17
What is the greatest common divisor of 267107785 and 350?
35
What is the highest common divisor of 682 and 2003958?
22
Calculate the greatest common factor of 255432 and 2658.
6
What is the greatest common factor of 7 and 1599101?
7
Calculate the highest common divisor of 625 and 33008125.
625
What is the greatest common factor of 11857664 and 1729?
91
What is the greatest common factor of 58811278 and 5766?
1922
Calculate the highest common factor of 33830430 and 14310.
1590
What is the highest common divisor of 700524 and 131428?
1276
What is the greatest common factor of 22624 and 25340?
28
Calculate the highest common divisor of 19148 and 5378.
2
What is the greatest common divisor of 1764056 and 18564?
476
What is the highest common divisor of 6552767 and 7891?
13
Calculate the greatest common factor of 384 and 244164.
12
Calculate the greatest common divisor of 2469636 and 2522.
26
What is the greatest common divisor of 88338600 and 675?
675
Calculate the highest common divisor of 620 and 41384380.
620
Calculate the greatest common factor of 938851185 and 3345.
3345
What is the greatest common factor of 78176356 and 230?
46
Calculate the greatest common factor of 345 and 5454450.
345
What is the highest common divisor of 57600 and 10996032?
192
What is the highest common divisor of 1040 and 825565?
65
What is the highest common factor of 3700 and 37466940?
740
What is the highest common divisor of 18372 and 62259646?
3062
Calculate the highest common factor of 25389 and 159885817.
2821
Calculate the highest common factor of 1 and 64422530.
1
What is the highest common factor of 9039 and 2573364?
393
What is the greatest common factor of 2098989 and 69?
3
What is the highest common factor of 91405 and 21210?
505
Calculate the highest common factor of 4977780 and 100.
20
Calculate the greatest common factor of 147 and 9297603.
147
Calculate the greatest common factor of 128214 and 516018.
102
Calculate the greatest common divisor of 1588 and 168872684.
1588
What is the highest common divisor of 48250 and 51338?
386
Calculate the greatest common factor of 737910 and 579150.
810
Calculate the greatest common factor of 45695919 and 2267.
2267
What is the greatest common factor of 2250 and 5345750?
250
Calculate the greatest common factor of 110 and 48712862.
22
Calculate the highest common divisor of 61440 and 25408.
64
Calculate the highest common divisor of 8646 and 803517.
33
Calculate the highest common divisor of 106248 and 27417576.
5592
What is the greatest common divisor of 10725310 and 9025?
1805
Calculate the greatest common factor of 41 and 176650263.
41
What is the highest common factor of 19691226 and 18?
18
Calculate the highest common factor of 72 and 610668.
36
Calculate the greatest common factor of 10688469 and 1881.
627
Calculate the highest common factor of 1173611 and 346921.
361
Calculate the highest common factor of 1823796 and 621.
27
Calculate the greatest common divisor of 38463756 and 19236.
2748
Calculate the highest common divisor of 770 and 16536.
2
What is the greatest common divisor of 2634075 and 2875575?
1725
Calculate the highest common divisor of 162 and 5470470.
54
Calculate the highest common factor of 20256470 and 2360.
590
What is the highest common divisor of 13266903 and 1722?
123
Calculate the highest common factor of 12986262 and 16498.
146
What is the greatest common factor of 473828823 and 7443?
7443
Calculate the greatest common divisor of 405603 and 172890.
153
What is the greatest common factor of 5033116 and 738329?
10399
Calculate the greatest common factor of 11628 and 1566108.
612
Calculate the highest common factor of 158016 and 947472.
48
Calculate the highest common divisor of 5733554 and 209.
19
What is the greatest common divisor of 172341 and 182?
13
What is the highest common divisor of 10244036 and 12?
4
Calculate the greatest common factor of 16483830 and 2530.
110
What is the greatest common divisor of 360 and 35170?
10
Calculate the highest common factor of 3096 and 8133984.
72
Calculate the highest common divisor of 2906142 and 135516.
138
What is the greatest common divisor of 12 and 34504268?
4
Calculate the highest common factor of 232895554 and 12968.
3242
What is the greatest common factor of 3340 and 185974540?
3340
What is the highest common divisor of 6251429 and 10946?
421
Calculate the highest common divisor of 2475 and 586663.
11
What is the greatest common factor of 39290 and 9830?
10
What is the highest common factor of 440936 and 1384?
8
What is the highest common divisor of 8374 and 877900851?
4187
Calculate the greatest common factor of 2 and 487174.
2
What is the highest common divisor of 39703165 and 590?
295
Calculate the highest common factor of 243 and 215960769.
27
Calculate the greatest common factor of 68283 and 234.
9
Calculate the highest common factor of 12879 and 217777.
53
What is the highest common divisor of 931986 and 186?
6
Calculate the greatest common factor of 4281 and 18668014.
1427
What is the highest common factor of 4362 and 87848499?
2181
Calculate the highest common divisor of 3021046 and 3248.
406
Calculate the highest common divisor of 63017 and 5211967.
1537
What is the greatest common factor of 19921623 and 1581?
93
Calculate the greatest common divisor of 294652 and 191786.
38
Calculate the highest common factor of 9 and 17378379.
9
Calculate the greatest common factor of 12355 and 482965.
35
What is the highest common divisor of 322777 and 578161?
3547
What is the highest common divisor of 33 and 12071994?
33
What is the highest common factor of 48403875 and 3?
3
Calculate the highest common divisor of 13625 and 10585500.
125
Calculate the greatest common factor of 765626464 and 3488.
3488
Calculate the highest common divisor of 28 and 842901416.
28
Calculate the greatest common factor of 20797077 and 6909.
987
Calculate the highest common factor of 157226939 and 3.
1
What is the highest common divisor of 8083894 and 546?
182
Calculate the greatest common factor of 12680 and 5544680.
40
What is the highest common divisor of 1735282434 and 318?
318
What is the greatest common divisor of 2934910 and 990?
110
What is the greatest common factor of 10 and 445913?
1
What is the greatest common factor of 10824783 and 5709?
519
What is the greatest common divisor of 153104514 and 12?
6
What is the highest common factor of 85095 and 299181?
93
Calculate the greatest common divisor of 25327927 and 3214.
1607
What is the greatest common factor of 859291 and 1903?
173
Calculate the greatest common factor of 2016790 and 482980.
410
What is the greatest common divisor of 23